{"id":3793,"date":"2018-12-10T10:12:32","date_gmt":"2018-12-10T15:12:32","guid":{"rendered":"https:\/\/crir.ca\/wp-content\/uploads\/2018\/12\/Photo_Comit\u00e9-\u00e9tudiant-2018-2019-1.jpg"},"modified":"2018-12-10T10:12:32","modified_gmt":"2018-12-10T15:12:32","slug":"photo_comite-etudiant-2018-2019-2-2","status":"inherit","type":"attachment","link":"https:\/\/crir.ca\/en\/students\/crir-student-committee\/photo_comite-etudiant-2018-2019-2-2\/","title":{"rendered":"Photo_Comit\u00e9 \u00e9tudiant 2018-2019"},"author":1,"featured_media":0,"comment_status":"closed","ping_status":"closed","template":"","meta":{"_acf_changed":false},"class_list":["post-3793","attachment","type-attachment","status-inherit","hentry"],"acf":[],"description":{"rendered":"<p class=\"attachment\"><a href='https:\/\/crir.ca\/wp-content\/uploads\/2018\/12\/Photo_Comit\u00e9-\u00e9tudiant-2018-2019-1.jpg'><img loading=\"lazy\" decoding=\"async\" width=\"300\" height=\"136\" src=\"https:\/\/crir.ca\/wp-content\/uploads\/2018\/12\/Photo_Comit\u00e9-\u00e9tudiant-2018-2019-1-300x136.jpg\" class=\"attachment-medium size-medium\" alt=\"\" srcset=\"https:\/\/crir.ca\/wp-content\/uploads\/2018\/12\/Photo_Comit\u00e9-\u00e9tudiant-2018-2019-1-300x136.jpg 300w, https:\/\/crir.ca\/wp-content\/uploads\/2018\/12\/Photo_Comit\u00e9-\u00e9tudiant-2018-2019-1-24x11.jpg 24w, https:\/\/crir.ca\/wp-content\/uploads\/2018\/12\/Photo_Comit\u00e9-\u00e9tudiant-2018-2019-1-36x16.jpg 36w, https:\/\/crir.ca\/wp-content\/uploads\/2018\/12\/Photo_Comit\u00e9-\u00e9tudiant-2018-2019-1-48x22.jpg 48w, https:\/\/crir.ca\/wp-content\/uploads\/2018\/12\/Photo_Comit\u00e9-\u00e9tudiant-2018-2019-1.jpg 709w\" sizes=\"auto, (max-width: 300px) 100vw, 300px\" \/><\/a><\/p>\n"},"caption":{"rendered":""},"alt_text":"","media_type":"image","mime_type":"image\/jpeg","media_details":{"width":709,"height":322,"file":"2018\/12\/Photo_Comit\u00e9-\u00e9tudiant-2018-2019-1.jpg","sizes":{"thumbnail":{"file":"Photo_Comit\u00e9-\u00e9tudiant-2018-2019-1-150x150.jpg","width":150,"height":150,"mime_type":"image\/jpeg","source_url":"https:\/\/crir.ca\/wp-content\/uploads\/2018\/12\/Photo_Comit\u00e9-\u00e9tudiant-2018-2019-1-150x150.jpg"},"medium":{"file":"Photo_Comit\u00e9-\u00e9tudiant-2018-2019-1-300x136.jpg","width":300,"height":136,"mime_type":"image\/jpeg","source_url":"https:\/\/crir.ca\/wp-content\/uploads\/2018\/12\/Photo_Comit\u00e9-\u00e9tudiant-2018-2019-1-300x136.jpg"},"news-thumb":{"file":"Photo_Comit\u00e9-\u00e9tudiant-2018-2019-1-300x300.jpg","width":300,"height":300,"mime_type":"image\/jpeg","source_url":"https:\/\/crir.ca\/wp-content\/uploads\/2018\/12\/Photo_Comit\u00e9-\u00e9tudiant-2018-2019-1-300x300.jpg"},"menu-24x24":{"file":"Photo_Comit\u00e9-\u00e9tudiant-2018-2019-1-24x11.jpg","width":24,"height":11,"mime_type":"image\/jpeg","source_url":"https:\/\/crir.ca\/wp-content\/uploads\/2018\/12\/Photo_Comit\u00e9-\u00e9tudiant-2018-2019-1-24x11.jpg"},"menu-36x36":{"file":"Photo_Comit\u00e9-\u00e9tudiant-2018-2019-1-36x16.jpg","width":36,"height":16,"mime_type":"image\/jpeg","source_url":"https:\/\/crir.ca\/wp-content\/uploads\/2018\/12\/Photo_Comit\u00e9-\u00e9tudiant-2018-2019-1-36x16.jpg"},"menu-48x48":{"file":"Photo_Comit\u00e9-\u00e9tudiant-2018-2019-1-48x22.jpg","width":48,"height":22,"mime_type":"image\/jpeg","source_url":"https:\/\/crir.ca\/wp-content\/uploads\/2018\/12\/Photo_Comit\u00e9-\u00e9tudiant-2018-2019-1-48x22.jpg"},"detail":{"file":"Photo_Comit\u00e9-\u00e9tudiant-2018-2019-1-150x150.jpg","width":150,"height":150,"mime_type":"image\/jpeg","source_url":"https:\/\/crir.ca\/wp-content\/uploads\/2018\/12\/Photo_Comit\u00e9-\u00e9tudiant-2018-2019-1-150x150.jpg"},"full":{"file":"Photo_Comit\u00e9-\u00e9tudiant-2018-2019-1.jpg","width":709,"height":322,"mime_type":"image\/jpeg","source_url":"https:\/\/crir.ca\/wp-content\/uploads\/2018\/12\/Photo_Comit\u00e9-\u00e9tudiant-2018-2019-1.jpg"}},"image_meta":{"aperture":"0","credit":"","camera":"","caption":"","created_timestamp":"0","copyright":"","focal_length":"0","iso":"0","shutter_speed":"0","title":"","orientation":"0","keywords":[]}},"post":1290,"source_url":"https:\/\/crir.ca\/wp-content\/uploads\/2018\/12\/Photo_Comit\u00e9-\u00e9tudiant-2018-2019-1.jpg","_links":{"self":[{"href":"https:\/\/crir.ca\/en\/wp-json\/wp\/v2\/media\/3793","targetHints":{"allow":["GET"]}}],"collection":[{"href":"https:\/\/crir.ca\/en\/wp-json\/wp\/v2\/media"}],"about":[{"href":"https:\/\/crir.ca\/en\/wp-json\/wp\/v2\/types\/attachment"}],"author":[{"embeddable":true,"href":"https:\/\/crir.ca\/en\/wp-json\/wp\/v2\/users\/1"}],"replies":[{"embeddable":true,"href":"https:\/\/crir.ca\/en\/wp-json\/wp\/v2\/comments?post=3793"}]}}

https://crir.ca/wp-content/uploads/2018/12/Photo_Comité-étudiant-2018-2019-1.jpg

Photo_Comité étudiant 2018-2019

<p class="attachment"><a href='https://crir.ca/wp-content/uploads/2018/12/Photo_Comité-étudiant-2018-2019-1.jpg'><img loading="lazy" decoding="async" width="300" height="136" src="https://crir.ca/wp-content/uploads/2018/12/Photo_Comité-étudiant-2018-2019-1-300x136.jpg" class="attachment-medium size-medium" alt="" srcset="https://crir.ca/wp-content/uploads/2018/12/Photo_Comité-étudiant-2018-2019-1-300x136.jpg 300w, https://crir.ca/wp-content/uploads/2018/12/Photo_Comité-étudiant-2018-2019-1-24x11.jpg 24w, https://crir.ca/wp-content/uploads/2018/12/Photo_Comité-étudiant-2018-2019-1-36x16.jpg 36w, https://crir.ca/wp-content/uploads/2018/12/Photo_Comité-étudiant-2018-2019-1-48x22.jpg 48w, https://crir.ca/wp-content/uploads/2018/12/Photo_Comité-étudiant-2018-2019-1.jpg 709w" sizes="auto, (max-width: 300px) 100vw, 300px" /></a></p>

2018/12/Photo_Comité-étudiant-2018-2019-1.jpg

Photo_Comité-étudiant-2018-2019-1-150x150.jpg

https://crir.ca/wp-content/uploads/2018/12/Photo_Comité-étudiant-2018-2019-1-150x150.jpg

Photo_Comité-étudiant-2018-2019-1-300x136.jpg

https://crir.ca/wp-content/uploads/2018/12/Photo_Comité-étudiant-2018-2019-1-300x136.jpg

Photo_Comité-étudiant-2018-2019-1-300x300.jpg

https://crir.ca/wp-content/uploads/2018/12/Photo_Comité-étudiant-2018-2019-1-300x300.jpg

Photo_Comité-étudiant-2018-2019-1-24x11.jpg

https://crir.ca/wp-content/uploads/2018/12/Photo_Comité-étudiant-2018-2019-1-24x11.jpg

Photo_Comité-étudiant-2018-2019-1-36x16.jpg

https://crir.ca/wp-content/uploads/2018/12/Photo_Comité-étudiant-2018-2019-1-36x16.jpg

Photo_Comité-étudiant-2018-2019-1-48x22.jpg

https://crir.ca/wp-content/uploads/2018/12/Photo_Comité-étudiant-2018-2019-1-48x22.jpg

Photo_Comité-étudiant-2018-2019-1.jpg
