{"id":17363,"date":"2022-09-13T10:19:00","date_gmt":"2022-09-13T14:19:00","guid":{"rendered":"https:\/\/crir.ca\/research\/participate-in-the-research\/etudes-sur-les-teletravailleureuses-ayant-de-la-douleur-en-raison-dun-probleme-musculosquelettique\/"},"modified":"2022-09-13T10:33:59","modified_gmt":"2022-09-13T14:33:59","slug":"etudes-sur-les-teletravailleureuses-ayant-de-la-douleur-en-raison-dun-probleme-musculosquelettique","status":"publish","type":"page","link":"https:\/\/crir.ca\/en\/research\/participate-in-the-research\/etudes-sur-les-teletravailleureuses-ayant-de-la-douleur-en-raison-dun-probleme-musculosquelettique\/","title":{"rendered":"\u00c9tudes sur les t\u00e9l\u00e9travailleur(euse)s ayant de la douleur en raison d\u2019un probl\u00e8me musculosquelettique | CCSMTL, UdeM"},"content":{"rendered":"<h1><img loading=\"lazy\" decoding=\"async\" class=\"wp-image-466 alignleft\" src=\"https:\/\/crir.ca\/wp-content\/uploads\/2017\/05\/logo_udem-300x122.png\" alt=\"\" width=\"184\" height=\"75\" srcset=\"https:\/\/crir.ca\/wp-content\/uploads\/2017\/05\/logo_udem-300x122.png 300w, https:\/\/crir.ca\/wp-content\/uploads\/2017\/05\/logo_udem-24x10.png 24w, https:\/\/crir.ca\/wp-content\/uploads\/2017\/05\/logo_udem-36x15.png 36w, https:\/\/crir.ca\/wp-content\/uploads\/2017\/05\/logo_udem-48x20.png 48w, https:\/\/crir.ca\/wp-content\/uploads\/2017\/05\/logo_udem.png 640w\" sizes=\"auto, (max-width: 184px) 100vw, 184px\" \/><\/h1>\n<h1><\/h1>\n<h1><\/h1>\n<h1>Vous \u00eates un travailleur et vous avez des douleurs ?<\/h1>\n<h3>Participant francophone recherch\u00e9<\/h3>\n<h2>Nous sommes \u00e0 la recherche de participants pour une \u00e9tude\u00a0sur les t\u00e9l\u00e9travailleur(euse)s ayant de la douleur en raison d\u2019un probl\u00e8me musculosquelettique.<\/h2>\n<p>&nbsp;<\/p>\n<h3>Crit\u00e8res de participation:<\/h3>\n<ul>\n<li>\u00catre \u00e2g\u00e9(e) de 18-65 ans<\/li>\n<li>Travailler \u00e0 la maison (t\u00e9l\u00e9travail)<\/li>\n<li>Avoir de la douleur en raison d&#8217;un probl\u00e8me musculosquelettique<\/li>\n<li>Habiter au Qu\u00e9bec<\/li>\n<\/ul>\n<p>Une compensation mon\u00e9taire sera offerte (35$)<\/p>\n<p>Affiche : <a href=\"https:\/\/crir.ca\/wp-content\/uploads\/2022\/09\/projet-teletravail-TMS_22713_FR-PDF.pdf\">Format PDF (PDF) <\/a>\u00a0| <a href=\"https:\/\/crir.ca\/wp-content\/uploads\/2022\/09\/projet-teletravail-TMS_22713_FR_Docx.docx\">Format Accessible (Docx)<\/a><\/p>\n<div class=\"highlight-box\">\n<p>Si vous \u00eates int\u00e9ress\u00e9(e) \u00e0 participer, contactez-nous : <a href=\"mailto:projet-teletravail@readap.umontreal.ca\">projet-teletravail@readap.umontreal.ca<\/a><\/p>\n<\/div>\n<p>&nbsp;<\/p>\n<p style=\"text-align: left;\"><img loading=\"lazy\" decoding=\"async\" class=\"wp-image-1102 aligncenter\" src=\"https:\/\/crir.ca\/wp-content\/uploads\/2017\/05\/logo_crir-300x264.jpg\" alt=\"\" width=\"142\" height=\"125\" srcset=\"https:\/\/crir.ca\/wp-content\/uploads\/2017\/05\/logo_crir-300x264.jpg 300w, https:\/\/crir.ca\/wp-content\/uploads\/2017\/05\/logo_crir-768x675.jpg 768w, https:\/\/crir.ca\/wp-content\/uploads\/2017\/05\/logo_crir-24x21.jpg 24w, https:\/\/crir.ca\/wp-content\/uploads\/2017\/05\/logo_crir-36x32.jpg 36w, https:\/\/crir.ca\/wp-content\/uploads\/2017\/05\/logo_crir-48x42.jpg 48w, https:\/\/crir.ca\/wp-content\/uploads\/2017\/05\/logo_crir.jpg 878w\" sizes=\"auto, (max-width: 142px) 100vw, 142px\" \/><\/p>\n<p>&nbsp;<\/p>\n","protected":false},"excerpt":{"rendered":"<p>Vous \u00eates un travailleur et vous avez des douleurs ? Participant francophone recherch\u00e9 Nous sommes \u00e0 la recherche de participants pour une \u00e9tude\u00a0sur les t\u00e9l\u00e9travailleur(euse)s ayant de la douleur en raison d\u2019un probl\u00e8me musculosquelettique. &nbsp; Crit\u00e8res de participation: \u00catre \u00e2g\u00e9(e)&#8230;<br \/><a href=\"https:\/\/crir.ca\/en\/research\/participate-in-the-research\/etudes-sur-les-teletravailleureuses-ayant-de-la-douleur-en-raison-dun-probleme-musculosquelettique\/\" class=\"read-more btn\">Read more <span class=\"sr-only\">about \u00c9tudes sur les t\u00e9l\u00e9travailleur(euse)s ayant de la douleur en raison d\u2019un probl\u00e8me musculosquelettique | CCSMTL, UdeM<\/span><\/a><\/p>\n","protected":false},"author":23,"featured_media":17356,"parent":1277,"menu_order":8,"comment_status":"closed","ping_status":"closed","template":"","meta":{"_acf_changed":false,"footnotes":""},"class_list":["post-17363","page","type-page","status-publish","has-post-thumbnail","hentry"],"acf":[],"_links":{"self":[{"href":"https:\/\/crir.ca\/en\/wp-json\/wp\/v2\/pages\/17363","targetHints":{"allow":["GET"]}}],"collection":[{"href":"https:\/\/crir.ca\/en\/wp-json\/wp\/v2\/pages"}],"about":[{"href":"https:\/\/crir.ca\/en\/wp-json\/wp\/v2\/types\/page"}],"author":[{"embeddable":true,"href":"https:\/\/crir.ca\/en\/wp-json\/wp\/v2\/users\/23"}],"replies":[{"embeddable":true,"href":"https:\/\/crir.ca\/en\/wp-json\/wp\/v2\/comments?post=17363"}],"version-history":[{"count":2,"href":"https:\/\/crir.ca\/en\/wp-json\/wp\/v2\/pages\/17363\/revisions"}],"predecessor-version":[{"id":17365,"href":"https:\/\/crir.ca\/en\/wp-json\/wp\/v2\/pages\/17363\/revisions\/17365"}],"up":[{"embeddable":true,"href":"https:\/\/crir.ca\/en\/wp-json\/wp\/v2\/pages\/1277"}],"wp:featuredmedia":[{"embeddable":true,"href":"https:\/\/crir.ca\/en\/wp-json\/wp\/v2\/media\/17356"}],"wp:attachment":[{"href":"https:\/\/crir.ca\/en\/wp-json\/wp\/v2\/media?parent=17363"}],"curies":[{"name":"wp","href":"https:\/\/api.w.org\/{rel}","templated":true}]}}

Études sur les télétravailleur(euse)s ayant de la douleur en raison d’un problème musculosquelettique | CCSMTL, UdeM

<h1><img loading="lazy" decoding="async" class="wp-image-466 alignleft" src="https://crir.ca/wp-content/uploads/2017/05/logo_udem-300x122.png" alt="" width="184" height="75" srcset="https://crir.ca/wp-content/uploads/2017/05/logo_udem-300x122.png 300w, https://crir.ca/wp-content/uploads/2017/05/logo_udem-24x10.png 24w, https://crir.ca/wp-content/uploads/2017/05/logo_udem-36x15.png 36w, https://crir.ca/wp-content/uploads/2017/05/logo_udem-48x20.png 48w, https://crir.ca/wp-content/uploads/2017/05/logo_udem.png 640w" sizes="auto, (max-width: 184px) 100vw, 184px" /></h1>
<h1></h1>
<h1></h1>
<h1>Vous êtes un travailleur et vous avez des douleurs ?</h1>
<h3>Participant francophone recherché</h3>
<h2>Nous sommes à la recherche de participants pour une étude sur les télétravailleur(euse)s ayant de la douleur en raison d’un problème musculosquelettique.</h2>
<p>&nbsp;</p>
<h3>Critères de participation:</h3>
<ul>
<li>Être âgé(e) de 18-65 ans</li>
<li>Travailler à la maison (télétravail)</li>
<li>Avoir de la douleur en raison d&#8217;un problème musculosquelettique</li>
<li>Habiter au Québec</li>
</ul>
<p>Une compensation monétaire sera offerte (35$)</p>
<p>Affiche : <a href="https://crir.ca/wp-content/uploads/2022/09/projet-teletravail-TMS_22713_FR-PDF.pdf">Format PDF (PDF) </a> | <a href="https://crir.ca/wp-content/uploads/2022/09/projet-teletravail-TMS_22713_FR_Docx.docx">Format Accessible (Docx)</a></p>
<div class="highlight-box">
<p>Si vous êtes intéressé(e) à participer, contactez-nous : <a href="mailto:projet-teletravail@readap.umontreal.ca">projet-teletravail@readap.umontreal.ca</a></p>
</div>
<p>&nbsp;</p>
<p style="text-align: left;"><img loading="lazy" decoding="async" class="wp-image-1102 aligncenter" src="https://crir.ca/wp-content/uploads/2017/05/logo_crir-300x264.jpg" alt="" width="142" height="125" srcset="https://crir.ca/wp-content/uploads/2017/05/logo_crir-300x264.jpg 300w, https://crir.ca/wp-content/uploads/2017/05/logo_crir-768x675.jpg 768w, https://crir.ca/wp-content/uploads/2017/05/logo_crir-24x21.jpg 24w, https://crir.ca/wp-content/uploads/2017/05/logo_crir-36x32.jpg 36w, https://crir.ca/wp-content/uploads/2017/05/logo_crir-48x42.jpg 48w, https://crir.ca/wp-content/uploads/2017/05/logo_crir.jpg 878w" sizes="auto, (max-width: 142px) 100vw, 142px" /></p>
<p>&nbsp;</p>

<p>Vous êtes un travailleur et vous avez des douleurs ? Participant francophone recherché Nous sommes à la recherche de participants pour une étude sur les télétravailleur(euse)s ayant de la douleur en raison d’un problème musculosquelettique. &nbsp; Critères de participation: Être âgé(e)&#8230;<br /><a href="https://crir.ca/en/research/participate-in-the-research/etudes-sur-les-teletravailleureuses-ayant-de-la-douleur-en-raison-dun-probleme-musculosquelettique/" class="read-more btn">Read more <span class="sr-only">about Études sur les télétravailleur(euse)s ayant de la douleur en raison d’un problème musculosquelettique | CCSMTL, UdeM</span></a></p>
