{"id":26607,"date":"2025-05-12T15:58:11","date_gmt":"2025-05-12T19:58:11","guid":{"rendered":"https:\/\/crir.ca\/research\/participate-in-the-research\/validite-et-fidelite-de-la-version-franco-canadienne-de-lechelle-de-communication-et-dacceptation\/"},"modified":"2025-05-12T16:37:03","modified_gmt":"2025-05-12T20:37:03","slug":"validite-et-fidelite-de-la-version-franco-canadienne-de-lechelle-de-communication-et-dacceptation","status":"publish","type":"page","link":"https:\/\/crir.ca\/en\/research\/participate-in-the-research\/validite-et-fidelite-de-la-version-franco-canadienne-de-lechelle-de-communication-et-dacceptation\/","title":{"rendered":"Validit\u00e9 et fid\u00e9lit\u00e9 de la version franco-canadienne de l\u2019\u00c9chelle de communication et d\u2019acceptation"},"content":{"rendered":"<h1><img loading=\"lazy\" decoding=\"async\" class=\"alignnone  wp-image-18159\" src=\"https:\/\/crir.ca\/wp-content\/uploads\/2022\/09\/Logo-IURDPM_Coul-300x183.png\" alt=\"\" width=\"192\" height=\"117\" srcset=\"https:\/\/crir.ca\/wp-content\/uploads\/2022\/09\/Logo-IURDPM_Coul-300x183.png 300w, https:\/\/crir.ca\/wp-content\/uploads\/2022\/09\/Logo-IURDPM_Coul-768x470.png 768w, https:\/\/crir.ca\/wp-content\/uploads\/2022\/09\/Logo-IURDPM_Coul-24x15.png 24w, https:\/\/crir.ca\/wp-content\/uploads\/2022\/09\/Logo-IURDPM_Coul-36x22.png 36w, https:\/\/crir.ca\/wp-content\/uploads\/2022\/09\/Logo-IURDPM_Coul-48x29.png 48w, https:\/\/crir.ca\/wp-content\/uploads\/2022\/09\/Logo-IURDPM_Coul.png 924w\" sizes=\"auto, (max-width: 192px) 100vw, 192px\" \/><img loading=\"lazy\" decoding=\"async\" class=\"alignnone  wp-image-18719\" src=\"https:\/\/crir.ca\/wp-content\/uploads\/2023\/01\/CIUSSS-CSMTL-Logo-300x156.jpg\" alt=\"\" width=\"218\" height=\"113\" srcset=\"https:\/\/crir.ca\/wp-content\/uploads\/2023\/01\/CIUSSS-CSMTL-Logo-300x156.jpg 300w, https:\/\/crir.ca\/wp-content\/uploads\/2023\/01\/CIUSSS-CSMTL-Logo-24x12.jpg 24w, https:\/\/crir.ca\/wp-content\/uploads\/2023\/01\/CIUSSS-CSMTL-Logo-36x19.jpg 36w, https:\/\/crir.ca\/wp-content\/uploads\/2023\/01\/CIUSSS-CSMTL-Logo-48x25.jpg 48w, https:\/\/crir.ca\/wp-content\/uploads\/2023\/01\/CIUSSS-CSMTL-Logo.jpg 312w\" sizes=\"auto, (max-width: 218px) 100vw, 218px\" \/>\u00a0 <img loading=\"lazy\" decoding=\"async\" class=\"alignnone  wp-image-173\" src=\"https:\/\/crir.ca\/wp-content\/uploads\/2017\/05\/logo_udem-300x122.png\" alt=\"\" width=\"268\" height=\"109\" srcset=\"https:\/\/crir.ca\/wp-content\/uploads\/2017\/05\/logo_udem-300x122.png 300w, https:\/\/crir.ca\/wp-content\/uploads\/2017\/05\/logo_udem-24x10.png 24w, https:\/\/crir.ca\/wp-content\/uploads\/2017\/05\/logo_udem-36x15.png 36w, https:\/\/crir.ca\/wp-content\/uploads\/2017\/05\/logo_udem-48x20.png 48w, https:\/\/crir.ca\/wp-content\/uploads\/2017\/05\/logo_udem.png 640w\" sizes=\"auto, (max-width: 268px) 100vw, 268px\" \/><\/h1>\n<p>&nbsp;<\/p>\n<h1>Ce projet vise \u00e0 valider et adapter en fran\u00e7ais qu\u00e9b\u00e9cois l&#8217;\u00c9chelle de communication et d\u2019acceptation.\u00a0L&#8217;objectif est d&#8217;avoir un outil valid\u00e9 au Qu\u00e9bec pour \u00e9valuer l&#8217;acceptation de la perte auditive ainsi que ses effets sur la communication et les \u00e9motions des personnes adultes vivant avec une perte auditive.<\/h1>\n<p><strong>\u00a0<\/strong><\/p>\n<p>Nous vous invitons \u00e0 participer \u00e0 un projet de recherche. Avant d&#8217;accepter d\u2019y participer, il est important de bien comprendre le but du projet, son d\u00e9roulement, ses avantages, ses d\u00e9savantages et ses risques. Le formulaire vous explique clairement tous ces \u00e9l\u00e9ments.<\/p>\n<h3><span style=\"color: #000000;\">Projet de recherche*:<\/span> Validit\u00e9 et fid\u00e9lit\u00e9 de la version franco-canadienne de l\u2019\u00c9chelle de communication et d\u2019acceptation<\/h3>\n<h5><span style=\"color: #ff0000;\"><strong><span style=\"color: #800080;\"><span style=\"color: #ff6600;\">*Date limite pour participer :<\/span> <span style=\"color: #808000;\">10 janvier 2026<\/span><\/span><\/strong><\/span><\/h5>\n<h5><span style=\"color: #ff0000;\"><span style=\"color: #800080;\"><span style=\"color: #ff6600;\"><strong>*Participez \u00e0 la recherche en<\/strong> suivant le lien suivant :<\/span><br \/>\n<\/span><br \/>\n<a class=\"btn\" href=\"https:\/\/forms.office.com\/Pages\/ResponsePage.aspx?id=7O9-0kcq50uYHg-Jd_ox2Eb4BTx5NrNDsI8em09JVXVUMlAwSURVQkZTMTJPNjAxRFEyTzVEUUpQNC4u&amp;origin=QRCode\" target=\"_blank\" rel=\"noopener\">https:\/\/forms.office.com\/Pages\/ResponsePage.aspx?id=7O9-0kcq50uYHg-Jd_ox2Eb4BTx5NrNDsI8em09JVXVUMlAwSURVQkZTMTJPNjAxRFEyTzVEUUpQNC4u&amp;origin=QRCode<\/a><\/span><\/h5>\n<p>&nbsp;<\/p>\n<h3><img loading=\"lazy\" decoding=\"async\" class=\"alignnone size-medium wp-image-26604\" src=\"https:\/\/crir.ca\/wp-content\/uploads\/2025\/05\/Affiche_recrutement_datee-232x300.jpg\" alt=\"\" width=\"232\" height=\"300\" srcset=\"https:\/\/crir.ca\/wp-content\/uploads\/2025\/05\/Affiche_recrutement_datee-232x300.jpg 232w, https:\/\/crir.ca\/wp-content\/uploads\/2025\/05\/Affiche_recrutement_datee-791x1024.jpg 791w, https:\/\/crir.ca\/wp-content\/uploads\/2025\/05\/Affiche_recrutement_datee-768x994.jpg 768w, https:\/\/crir.ca\/wp-content\/uploads\/2025\/05\/Affiche_recrutement_datee-1187x1536.jpg 1187w, https:\/\/crir.ca\/wp-content\/uploads\/2025\/05\/Affiche_recrutement_datee-1583x2048.jpg 1583w, https:\/\/crir.ca\/wp-content\/uploads\/2025\/05\/Affiche_recrutement_datee-19x24.jpg 19w, https:\/\/crir.ca\/wp-content\/uploads\/2025\/05\/Affiche_recrutement_datee-28x36.jpg 28w, https:\/\/crir.ca\/wp-content\/uploads\/2025\/05\/Affiche_recrutement_datee-37x48.jpg 37w, https:\/\/crir.ca\/wp-content\/uploads\/2025\/05\/Affiche_recrutement_datee.jpg 1930w\" sizes=\"auto, (max-width: 232px) 100vw, 232px\" \/><\/h3>\n<h3><strong>Qui peut participer\u00a0:\u00a0<\/strong><\/h3>\n<ul>\n<li>Personne de 18 ans et plus, qui a ou pense avoir une perte auditive. La personne doit parler fran\u00e7ais.<\/li>\n<\/ul>\n<h3><strong>Votre r\u00f4le\u00a0: <\/strong><\/h3>\n<ul>\n<li>Compl\u00e9ter des questionnaires au sujet de votre communication et de votre perte auditive. Une compensation financi\u00e8re vous sera offerte.<\/li>\n<\/ul>\n<h3><strong>Contact\u00a0:\u00a0<\/strong><\/h3>\n<ul>\n<li>RESPONSABLE DU PROJET:\u00a0<a href=\"https:\/\/crir.ca\/chercheurs-et-intervenants\/chercheurs-reguliers\/victoria-duda-ph-d\/\" target=\"_blank\" rel=\"noopener\"><b>Victoria Duda<\/b><\/a>, professeure adjointe, \u00c9cole d\u2019orthophonie et d\u2019audiologie, Universit\u00e9 de Montr\u00e9al; Num\u00e9ro de t\u00e9l\u00e9phone:\u00a0514 343-6111 (poste 42147),\u00a0Courriel :\u00a0<a class=\"linkified\" href=\"mailto:victoria.duda@umontreal.ca\">victoria.duda@umontreal.ca<\/a><\/li>\n<li>\u00c9QUIPE DE RECHERCHE ET PERSONNES COLLABORATRICES:\u00a0<b>Mathieu Hotton,\u00a0<\/b>professeur adjoint, D\u00e9partement de r\u00e9adaptation, Universit\u00e9 de Laval ;\u00a0<b>Ingrid Verduyckt<\/b>, professeure agr\u00e9g\u00e9e,\u00a0\u00c9cole d\u2019orthophonie et d\u2019audiologie, Universit\u00e9 de Montr\u00e9al;\u00a0<b>Ronald Choquette,\u00a0<\/b>professeur de formation pratique agr\u00e9g\u00e9, \u00c9cole d\u2019orthophonie et d\u2019audiologie, Universit\u00e9 de Montr\u00e9al;\u00a0<b>Alexandra Tessier,<\/b>\u00a0chercheuse postdoctorale, D\u00e9partement d\u2019orthophonie, Universit\u00e9 du Qu\u00e9bec \u00e0 Trois-Rivi\u00e8res;\u00a0<b>Pam\u00e9la McMahon-Morin,\u00a0<\/b>chercheuse postdoctorale, Facult\u00e9 d\u2019\u00e9ducation, Universit\u00e9 de Sherbrooke;\u00a0<b>Caroline Lafontaine,\u00a0<\/b>audiologiste,\u00a0Centre de r\u00e9adaptation en d\u00e9ficience physique Raymond-Dewar,\u00a0<b>Mireille Tardif,\u00a0<\/b>audiologiste,\u00a0Centre de r\u00e9adaptation en d\u00e9ficience physique Raymond-Dewar;\u00a0<b>L\u00e9onie Therrien<\/b>, \u00e9tudiante \u00e0 la ma\u00eetrise en audiologie, \u00c9cole d&#8217;orthophonie et d&#8217;audiologie, Universit\u00e9 de Montr\u00e9al.<\/li>\n<li>COORDONN\u00c9ES DE L&#8217;\u00c9QUIPE DE RECHERCHE: <b>Contactez L\u00e9onie Therrien pour toutes questions \u00e0 propos de l&#8217;\u00e9tude ou pour de l&#8217;assistance pour compl\u00e9ter les formulaires:\u00a0<\/b><a class=\"linkified\" href=\"mailto:leonie.therrien@umontreal.ca\">leonie.therrien@umontreal.ca<\/a><\/li>\n<\/ul>\n<h3>Affiche de\u00a0recrutement<\/h3>\n<ul>\n<li><a href=\"https:\/\/crir.ca\/wp-content\/uploads\/2025\/05\/Affiche_recrutement_datee.pdf\">Affiche_recrutement_Vicotria Duda &#8211; format PDF (pdf)<\/a><\/li>\n<li><a href=\"https:\/\/crir.ca\/wp-content\/uploads\/2025\/05\/Affiche_recrutement_datee.docx\">Affiche_recrutement_Victoria Duda\u00a0&#8211; format Word (docx)<\/a><\/li>\n<\/ul>\n<p>____________________<\/p>\n<p>CRIR | 12 mai 2025<\/p>\n","protected":false},"excerpt":{"rendered":"<p>\u00a0 &nbsp; Ce projet vise \u00e0 valider et adapter en fran\u00e7ais qu\u00e9b\u00e9cois l&#8217;\u00c9chelle de communication et d\u2019acceptation.\u00a0L&#8217;objectif est d&#8217;avoir un outil valid\u00e9 au Qu\u00e9bec pour \u00e9valuer l&#8217;acceptation de la perte auditive ainsi que ses effets sur la communication et les&#8230;<br \/><a href=\"https:\/\/crir.ca\/en\/research\/participate-in-the-research\/validite-et-fidelite-de-la-version-franco-canadienne-de-lechelle-de-communication-et-dacceptation\/\" class=\"read-more btn\">Read more <span class=\"sr-only\">about Validit\u00e9 et fid\u00e9lit\u00e9 de la version franco-canadienne de l\u2019\u00c9chelle de communication et d\u2019acceptation<\/span><\/a><\/p>\n","protected":false},"author":23,"featured_media":26605,"parent":1277,"menu_order":2,"comment_status":"closed","ping_status":"closed","template":"","meta":{"_acf_changed":false,"footnotes":""},"class_list":["post-26607","page","type-page","status-publish","has-post-thumbnail","hentry"],"acf":[],"_links":{"self":[{"href":"https:\/\/crir.ca\/en\/wp-json\/wp\/v2\/pages\/26607","targetHints":{"allow":["GET"]}}],"collection":[{"href":"https:\/\/crir.ca\/en\/wp-json\/wp\/v2\/pages"}],"about":[{"href":"https:\/\/crir.ca\/en\/wp-json\/wp\/v2\/types\/page"}],"author":[{"embeddable":true,"href":"https:\/\/crir.ca\/en\/wp-json\/wp\/v2\/users\/23"}],"replies":[{"embeddable":true,"href":"https:\/\/crir.ca\/en\/wp-json\/wp\/v2\/comments?post=26607"}],"version-history":[{"count":2,"href":"https:\/\/crir.ca\/en\/wp-json\/wp\/v2\/pages\/26607\/revisions"}],"predecessor-version":[{"id":26615,"href":"https:\/\/crir.ca\/en\/wp-json\/wp\/v2\/pages\/26607\/revisions\/26615"}],"up":[{"embeddable":true,"href":"https:\/\/crir.ca\/en\/wp-json\/wp\/v2\/pages\/1277"}],"wp:featuredmedia":[{"embeddable":true,"href":"https:\/\/crir.ca\/en\/wp-json\/wp\/v2\/media\/26605"}],"wp:attachment":[{"href":"https:\/\/crir.ca\/en\/wp-json\/wp\/v2\/media?parent=26607"}],"curies":[{"name":"wp","href":"https:\/\/api.w.org\/{rel}","templated":true}]}}

Validité et fidélité de la version franco-canadienne de l’Échelle de communication et d’acceptation

<h1><img loading="lazy" decoding="async" class="alignnone  wp-image-18159" src="https://crir.ca/wp-content/uploads/2022/09/Logo-IURDPM_Coul-300x183.png" alt="" width="192" height="117" srcset="https://crir.ca/wp-content/uploads/2022/09/Logo-IURDPM_Coul-300x183.png 300w, https://crir.ca/wp-content/uploads/2022/09/Logo-IURDPM_Coul-768x470.png 768w, https://crir.ca/wp-content/uploads/2022/09/Logo-IURDPM_Coul-24x15.png 24w, https://crir.ca/wp-content/uploads/2022/09/Logo-IURDPM_Coul-36x22.png 36w, https://crir.ca/wp-content/uploads/2022/09/Logo-IURDPM_Coul-48x29.png 48w, https://crir.ca/wp-content/uploads/2022/09/Logo-IURDPM_Coul.png 924w" sizes="auto, (max-width: 192px) 100vw, 192px" /><img loading="lazy" decoding="async" class="alignnone  wp-image-18719" src="https://crir.ca/wp-content/uploads/2023/01/CIUSSS-CSMTL-Logo-300x156.jpg" alt="" width="218" height="113" srcset="https://crir.ca/wp-content/uploads/2023/01/CIUSSS-CSMTL-Logo-300x156.jpg 300w, https://crir.ca/wp-content/uploads/2023/01/CIUSSS-CSMTL-Logo-24x12.jpg 24w, https://crir.ca/wp-content/uploads/2023/01/CIUSSS-CSMTL-Logo-36x19.jpg 36w, https://crir.ca/wp-content/uploads/2023/01/CIUSSS-CSMTL-Logo-48x25.jpg 48w, https://crir.ca/wp-content/uploads/2023/01/CIUSSS-CSMTL-Logo.jpg 312w" sizes="auto, (max-width: 218px) 100vw, 218px" />  <img loading="lazy" decoding="async" class="alignnone  wp-image-173" src="https://crir.ca/wp-content/uploads/2017/05/logo_udem-300x122.png" alt="" width="268" height="109" srcset="https://crir.ca/wp-content/uploads/2017/05/logo_udem-300x122.png 300w, https://crir.ca/wp-content/uploads/2017/05/logo_udem-24x10.png 24w, https://crir.ca/wp-content/uploads/2017/05/logo_udem-36x15.png 36w, https://crir.ca/wp-content/uploads/2017/05/logo_udem-48x20.png 48w, https://crir.ca/wp-content/uploads/2017/05/logo_udem.png 640w" sizes="auto, (max-width: 268px) 100vw, 268px" /></h1>
<p>&nbsp;</p>
<h1>Ce projet vise à valider et adapter en français québécois l&#8217;Échelle de communication et d’acceptation. L&#8217;objectif est d&#8217;avoir un outil validé au Québec pour évaluer l&#8217;acceptation de la perte auditive ainsi que ses effets sur la communication et les émotions des personnes adultes vivant avec une perte auditive.</h1>
<p><strong> </strong></p>
<p>Nous vous invitons à participer à un projet de recherche. Avant d&#8217;accepter d’y participer, il est important de bien comprendre le but du projet, son déroulement, ses avantages, ses désavantages et ses risques. Le formulaire vous explique clairement tous ces éléments.</p>
<h3><span style="color: #000000;">Projet de recherche*:</span> Validité et fidélité de la version franco-canadienne de l’Échelle de communication et d’acceptation</h3>
<h5><span style="color: #ff0000;"><strong><span style="color: #800080;"><span style="color: #ff6600;">*Date limite pour participer :</span> <span style="color: #808000;">10 janvier 2026</span></span></strong></span></h5>
<h5><span style="color: #ff0000;"><span style="color: #800080;"><span style="color: #ff6600;"><strong>*Participez à la recherche en</strong> suivant le lien suivant :</span><br />
</span><br />
<a class="btn" href="https://forms.office.com/Pages/ResponsePage.aspx?id=7O9-0kcq50uYHg-Jd_ox2Eb4BTx5NrNDsI8em09JVXVUMlAwSURVQkZTMTJPNjAxRFEyTzVEUUpQNC4u&amp;origin=QRCode" target="_blank" rel="noopener">https://forms.office.com/Pages/ResponsePage.aspx?id=7O9-0kcq50uYHg-Jd_ox2Eb4BTx5NrNDsI8em09JVXVUMlAwSURVQkZTMTJPNjAxRFEyTzVEUUpQNC4u&amp;origin=QRCode</a></span></h5>
<p>&nbsp;</p>
<h3><img loading="lazy" decoding="async" class="alignnone size-medium wp-image-26604" src="https://crir.ca/wp-content/uploads/2025/05/Affiche_recrutement_datee-232x300.jpg" alt="" width="232" height="300" srcset="https://crir.ca/wp-content/uploads/2025/05/Affiche_recrutement_datee-232x300.jpg 232w, https://crir.ca/wp-content/uploads/2025/05/Affiche_recrutement_datee-791x1024.jpg 791w, https://crir.ca/wp-content/uploads/2025/05/Affiche_recrutement_datee-768x994.jpg 768w, https://crir.ca/wp-content/uploads/2025/05/Affiche_recrutement_datee-1187x1536.jpg 1187w, https://crir.ca/wp-content/uploads/2025/05/Affiche_recrutement_datee-1583x2048.jpg 1583w, https://crir.ca/wp-content/uploads/2025/05/Affiche_recrutement_datee-19x24.jpg 19w, https://crir.ca/wp-content/uploads/2025/05/Affiche_recrutement_datee-28x36.jpg 28w, https://crir.ca/wp-content/uploads/2025/05/Affiche_recrutement_datee-37x48.jpg 37w, https://crir.ca/wp-content/uploads/2025/05/Affiche_recrutement_datee.jpg 1930w" sizes="auto, (max-width: 232px) 100vw, 232px" /></h3>
<h3><strong>Qui peut participer : </strong></h3>
<ul>
<li>Personne de 18 ans et plus, qui a ou pense avoir une perte auditive. La personne doit parler français.</li>
</ul>
<h3><strong>Votre rôle : </strong></h3>
<ul>
<li>Compléter des questionnaires au sujet de votre communication et de votre perte auditive. Une compensation financière vous sera offerte.</li>
</ul>
<h3><strong>Contact : </strong></h3>
<ul>
<li>RESPONSABLE DU PROJET: <a href="https://crir.ca/chercheurs-et-intervenants/chercheurs-reguliers/victoria-duda-ph-d/" target="_blank" rel="noopener"><b>Victoria Duda</b></a>, professeure adjointe, École d’orthophonie et d’audiologie, Université de Montréal; Numéro de téléphone: 514 343-6111 (poste 42147), Courriel : <a class="linkified" href="mailto:victoria.duda@umontreal.ca">victoria.duda@umontreal.ca</a></li>
<li>ÉQUIPE DE RECHERCHE ET PERSONNES COLLABORATRICES: <b>Mathieu Hotton, </b>professeur adjoint, Département de réadaptation, Université de Laval ; <b>Ingrid Verduyckt</b>, professeure agrégée, École d’orthophonie et d’audiologie, Université de Montréal; <b>Ronald Choquette, </b>professeur de formation pratique agrégé, École d’orthophonie et d’audiologie, Université de Montréal; <b>Alexandra Tessier,</b> chercheuse postdoctorale, Département d’orthophonie, Université du Québec à Trois-Rivières; <b>Paméla McMahon-Morin, </b>chercheuse postdoctorale, Faculté d’éducation, Université de Sherbrooke; <b>Caroline Lafontaine, </b>audiologiste, Centre de réadaptation en déficience physique Raymond-Dewar, <b>Mireille Tardif, </b>audiologiste, Centre de réadaptation en déficience physique Raymond-Dewar; <b>Léonie Therrien</b>, étudiante à la maîtrise en audiologie, École d&#8217;orthophonie et d&#8217;audiologie, Université de Montréal.</li>
<li>COORDONNÉES DE L&#8217;ÉQUIPE DE RECHERCHE: <b>Contactez Léonie Therrien pour toutes questions à propos de l&#8217;étude ou pour de l&#8217;assistance pour compléter les formulaires: </b><a class="linkified" href="mailto:leonie.therrien@umontreal.ca">leonie.therrien@umontreal.ca</a></li>
</ul>
<h3>Affiche de recrutement</h3>
<ul>
<li><a href="https://crir.ca/wp-content/uploads/2025/05/Affiche_recrutement_datee.pdf">Affiche_recrutement_Vicotria Duda &#8211; format PDF (pdf)</a></li>
<li><a href="https://crir.ca/wp-content/uploads/2025/05/Affiche_recrutement_datee.docx">Affiche_recrutement_Victoria Duda &#8211; format Word (docx)</a></li>
</ul>
<p>____________________</p>
<p>CRIR | 12 mai 2025</p>

<p>  &nbsp; Ce projet vise à valider et adapter en français québécois l&#8217;Échelle de communication et d’acceptation. L&#8217;objectif est d&#8217;avoir un outil validé au Québec pour évaluer l&#8217;acceptation de la perte auditive ainsi que ses effets sur la communication et les&#8230;<br /><a href="https://crir.ca/en/research/participate-in-the-research/validite-et-fidelite-de-la-version-franco-canadienne-de-lechelle-de-communication-et-dacceptation/" class="read-more btn">Read more <span class="sr-only">about Validité et fidélité de la version franco-canadienne de l’Échelle de communication et d’acceptation</span></a></p>
