{"id":29319,"date":"2026-02-12T16:15:41","date_gmt":"2026-02-12T21:15:41","guid":{"rendered":"https:\/\/crir.ca\/research\/participate-in-the-research\/etude-sur-le-traitement-auditif-victoria-duda-chercheuse-crir-iurdpm\/"},"modified":"2026-02-12T16:35:55","modified_gmt":"2026-02-12T21:35:55","slug":"etude-sur-le-traitement-auditif-victoria-duda-chercheuse-crir-iurdpm","status":"publish","type":"page","link":"https:\/\/crir.ca\/en\/research\/participate-in-the-research\/etude-sur-le-traitement-auditif-victoria-duda-chercheuse-crir-iurdpm\/","title":{"rendered":"\u00c9tude sur le traitement auditif | Victoria Duda, chercheuse CRIR-IURDPM"},"content":{"rendered":"<h1>Participants recherch\u00e9s : \u00c9tude sur le traitement auditif<\/h1>\n<h2>But du projet : D\u00e9terminer comment le temps de compression des proth\u00e8ses auditives affecte les t\u00e2ches de d\u00e9tection des \u00e9carts dans le bruit.<\/h2>\n<p>&nbsp;<\/p>\n<p><img loading=\"lazy\" decoding=\"async\" class=\"alignnone wp-image-18159\" src=\"https:\/\/crir.ca\/wp-content\/uploads\/2022\/09\/Logo-IURDPM_Coul-300x183.png\" alt=\"\" width=\"154\" height=\"94\" srcset=\"https:\/\/crir.ca\/wp-content\/uploads\/2022\/09\/Logo-IURDPM_Coul-300x183.png 300w, https:\/\/crir.ca\/wp-content\/uploads\/2022\/09\/Logo-IURDPM_Coul-768x470.png 768w, https:\/\/crir.ca\/wp-content\/uploads\/2022\/09\/Logo-IURDPM_Coul-24x15.png 24w, https:\/\/crir.ca\/wp-content\/uploads\/2022\/09\/Logo-IURDPM_Coul-36x22.png 36w, https:\/\/crir.ca\/wp-content\/uploads\/2022\/09\/Logo-IURDPM_Coul-48x29.png 48w, https:\/\/crir.ca\/wp-content\/uploads\/2022\/09\/Logo-IURDPM_Coul.png 924w\" sizes=\"auto, (max-width: 154px) 100vw, 154px\" \/> \u00a0 \u00a0<img loading=\"lazy\" decoding=\"async\" class=\"alignnone wp-image-18719\" src=\"https:\/\/crir.ca\/wp-content\/uploads\/2023\/01\/CIUSSS-CSMTL-Logo-300x156.jpg\" alt=\"\" width=\"169\" height=\"88\" srcset=\"https:\/\/crir.ca\/wp-content\/uploads\/2023\/01\/CIUSSS-CSMTL-Logo-300x156.jpg 300w, https:\/\/crir.ca\/wp-content\/uploads\/2023\/01\/CIUSSS-CSMTL-Logo-24x12.jpg 24w, https:\/\/crir.ca\/wp-content\/uploads\/2023\/01\/CIUSSS-CSMTL-Logo-36x19.jpg 36w, https:\/\/crir.ca\/wp-content\/uploads\/2023\/01\/CIUSSS-CSMTL-Logo-48x25.jpg 48w, https:\/\/crir.ca\/wp-content\/uploads\/2023\/01\/CIUSSS-CSMTL-Logo.jpg 312w\" sizes=\"auto, (max-width: 169px) 100vw, 169px\" \/>\u00a0<img loading=\"lazy\" decoding=\"async\" class=\"alignnone wp-image-25921\" src=\"https:\/\/crir.ca\/wp-content\/uploads\/2025\/04\/CRIR_REG_25e_LOGO_Coul-300x300.jpg\" alt=\"CRIR - 25 ans\" width=\"112\" height=\"112\" srcset=\"https:\/\/crir.ca\/wp-content\/uploads\/2025\/04\/CRIR_REG_25e_LOGO_Coul-300x300.jpg 300w, https:\/\/crir.ca\/wp-content\/uploads\/2025\/04\/CRIR_REG_25e_LOGO_Coul-1024x1024.jpg 1024w, https:\/\/crir.ca\/wp-content\/uploads\/2025\/04\/CRIR_REG_25e_LOGO_Coul-150x150.jpg 150w, https:\/\/crir.ca\/wp-content\/uploads\/2025\/04\/CRIR_REG_25e_LOGO_Coul-768x768.jpg 768w, https:\/\/crir.ca\/wp-content\/uploads\/2025\/04\/CRIR_REG_25e_LOGO_Coul-24x24.jpg 24w, https:\/\/crir.ca\/wp-content\/uploads\/2025\/04\/CRIR_REG_25e_LOGO_Coul-36x36.jpg 36w, https:\/\/crir.ca\/wp-content\/uploads\/2025\/04\/CRIR_REG_25e_LOGO_Coul-48x48.jpg 48w, https:\/\/crir.ca\/wp-content\/uploads\/2025\/04\/CRIR_REG_25e_LOGO_Coul.jpg 1500w\" sizes=\"auto, (max-width: 112px) 100vw, 112px\" \/> <img loading=\"lazy\" decoding=\"async\" class=\"alignnone wp-image-29314\" src=\"https:\/\/crir.ca\/wp-content\/uploads\/2026\/02\/Ecole-Orthophonie_Audiologie-300x99.jpg\" alt=\"\" width=\"258\" height=\"85\" srcset=\"https:\/\/crir.ca\/wp-content\/uploads\/2026\/02\/Ecole-Orthophonie_Audiologie-300x99.jpg 300w, https:\/\/crir.ca\/wp-content\/uploads\/2026\/02\/Ecole-Orthophonie_Audiologie-24x8.jpg 24w, https:\/\/crir.ca\/wp-content\/uploads\/2026\/02\/Ecole-Orthophonie_Audiologie-36x12.jpg 36w, https:\/\/crir.ca\/wp-content\/uploads\/2026\/02\/Ecole-Orthophonie_Audiologie-48x16.jpg 48w, https:\/\/crir.ca\/wp-content\/uploads\/2026\/02\/Ecole-Orthophonie_Audiologie.jpg 445w\" sizes=\"auto, (max-width: 258px) 100vw, 258px\" \/><\/p>\n<hr \/>\n<h1><\/h1>\n<p>&nbsp;<\/p>\n<h1>\u00c9tude sur le traitement auditif | Victoria Duda, chercheuse CRIR-IURDPM<\/h1>\n<p>&nbsp;<\/p>\n<div class=\"highlight-box\">\n<p><span style=\"color: #0000ff;\"><strong>Date limite pour participer \u00e0 l&#8217;\u00e9tude : 29 mai 2026 | L&#8217;\u00e9tude se d\u00e9roule en fran\u00e7ais.<\/strong><\/span><\/p>\n<p><a class=\"btn\" href=\"https:\/\/crir.ca\/wp-content\/uploads\/2026\/02\/Affiche-NSERC3-2.pdf\">T\u00e9l\u00e9charger l&#8217;affiche de recrutement ici<\/a><\/p>\n<\/div>\n<p>&nbsp;<\/p>\n<h2>Crit\u00e8res d\u2019admissibilit\u00e9:<\/h2>\n<h3><u>Vous devez : <\/u><\/h3>\n<ul>\n<li>Avoir entre 18 et 65 ans,<\/li>\n<li>Avoir une bonne sant\u00e9 g\u00e9n\u00e9rale,<\/li>\n<li>\u00catre normo-entendant ou avoir une perte auditive similaire aux deux oreilles.<\/li>\n<\/ul>\n<h3><u>E<\/u><u>t que vous ne : <\/u><\/h3>\n<ul>\n<li>Souffrez pas d\u2019un probl\u00e8me cognitif ou du syst\u00e8me nerveux central,<\/li>\n<li>Souffrez pas d\u2019un probl\u00e8me de vertige ou d\u2019\u00e9quilibre,<\/li>\n<li>Souffrez pas de perte auditive unilat\u00e9rale, asym\u00e9trique, s\u00e9v\u00e8re ou profonde,<\/li>\n<li>Portez pas d\u2019implant cochl\u00e9aire,<\/li>\n<li>Prenez pas de m\u00e9dicaments pour la d\u00e9pression ou l\u2019anxi\u00e9t\u00e9.<\/li>\n<\/ul>\n<h3><u>Nature de votre participation : <\/u><\/h3>\n<ul>\n<li>Fournir un audiogramme effectu\u00e9 dans la derni\u00e8re ann\u00e9e par un(e) audiologiste du Qu\u00e9bec ou passer le test sur place,<\/li>\n<li>Remplir un questionnaire sur votre histoire auditive,<\/li>\n<li>Effectuer un d\u00e9pistage des capacit\u00e9s cognitives et un test d\u2019identification de la parole en pr\u00e9sence de bruit (Fr-BIO),<\/li>\n<li>Porter des proth\u00e8ses auditives fournies par le laboratoire et identifier la pr\u00e9sence d\u2019un clic.<\/li>\n<\/ul>\n<h3><u>Dur\u00e9e et lieu\u00a0:<\/u><\/h3>\n<ul>\n<li>Dur\u00e9e : 2h30 (compensation mon\u00e9taire offerte pour votre participation)<\/li>\n<li>Lieu\u00a0: Au Centre de R\u00e9adaptation Lucie-Bruneau, 2275 avenue Laurier Est, Local 200, Montr\u00e9al (Qc), H2H 2N8.<\/li>\n<\/ul>\n<h3>Contactez-nous\u00a0:<\/h3>\n<p>Laboratoire CAT :\u00a0<a href=\"mailto:catlab.umontreal@gmail.com\">catlab.umontreal@gmail.com<\/a>|\u00a0 514-527-4527 poste 713709<\/p>\n","protected":false},"excerpt":{"rendered":"<p>Participants recherch\u00e9s : \u00c9tude sur le traitement auditif But du projet : D\u00e9terminer comment le temps de compression des proth\u00e8ses auditives affecte les t\u00e2ches de d\u00e9tection des \u00e9carts dans le bruit. &nbsp; \u00a0 \u00a0\u00a0 &nbsp; \u00c9tude sur le traitement auditif&#8230;<br \/><a href=\"https:\/\/crir.ca\/en\/research\/participate-in-the-research\/etude-sur-le-traitement-auditif-victoria-duda-chercheuse-crir-iurdpm\/\" class=\"read-more btn\">Read more <span class=\"sr-only\">about \u00c9tude sur le traitement auditif | Victoria Duda, chercheuse CRIR-IURDPM<\/span><\/a><\/p>\n","protected":false},"author":23,"featured_media":29317,"parent":1277,"menu_order":1,"comment_status":"closed","ping_status":"closed","template":"","meta":{"_acf_changed":false,"footnotes":""},"class_list":["post-29319","page","type-page","status-publish","has-post-thumbnail","hentry"],"acf":[],"_links":{"self":[{"href":"https:\/\/crir.ca\/en\/wp-json\/wp\/v2\/pages\/29319","targetHints":{"allow":["GET"]}}],"collection":[{"href":"https:\/\/crir.ca\/en\/wp-json\/wp\/v2\/pages"}],"about":[{"href":"https:\/\/crir.ca\/en\/wp-json\/wp\/v2\/types\/page"}],"author":[{"embeddable":true,"href":"https:\/\/crir.ca\/en\/wp-json\/wp\/v2\/users\/23"}],"replies":[{"embeddable":true,"href":"https:\/\/crir.ca\/en\/wp-json\/wp\/v2\/comments?post=29319"}],"version-history":[{"count":3,"href":"https:\/\/crir.ca\/en\/wp-json\/wp\/v2\/pages\/29319\/revisions"}],"predecessor-version":[{"id":29324,"href":"https:\/\/crir.ca\/en\/wp-json\/wp\/v2\/pages\/29319\/revisions\/29324"}],"up":[{"embeddable":true,"href":"https:\/\/crir.ca\/en\/wp-json\/wp\/v2\/pages\/1277"}],"wp:featuredmedia":[{"embeddable":true,"href":"https:\/\/crir.ca\/en\/wp-json\/wp\/v2\/media\/29317"}],"wp:attachment":[{"href":"https:\/\/crir.ca\/en\/wp-json\/wp\/v2\/media?parent=29319"}],"curies":[{"name":"wp","href":"https:\/\/api.w.org\/{rel}","templated":true}]}}

Étude sur le traitement auditif | Victoria Duda, chercheuse CRIR-IURDPM

<h1>Participants recherchés : Étude sur le traitement auditif</h1>
<h2>But du projet : Déterminer comment le temps de compression des prothèses auditives affecte les tâches de détection des écarts dans le bruit.</h2>
<p>&nbsp;</p>
<p><img loading="lazy" decoding="async" class="alignnone wp-image-18159" src="https://crir.ca/wp-content/uploads/2022/09/Logo-IURDPM_Coul-300x183.png" alt="" width="154" height="94" srcset="https://crir.ca/wp-content/uploads/2022/09/Logo-IURDPM_Coul-300x183.png 300w, https://crir.ca/wp-content/uploads/2022/09/Logo-IURDPM_Coul-768x470.png 768w, https://crir.ca/wp-content/uploads/2022/09/Logo-IURDPM_Coul-24x15.png 24w, https://crir.ca/wp-content/uploads/2022/09/Logo-IURDPM_Coul-36x22.png 36w, https://crir.ca/wp-content/uploads/2022/09/Logo-IURDPM_Coul-48x29.png 48w, https://crir.ca/wp-content/uploads/2022/09/Logo-IURDPM_Coul.png 924w" sizes="auto, (max-width: 154px) 100vw, 154px" />    <img loading="lazy" decoding="async" class="alignnone wp-image-18719" src="https://crir.ca/wp-content/uploads/2023/01/CIUSSS-CSMTL-Logo-300x156.jpg" alt="" width="169" height="88" srcset="https://crir.ca/wp-content/uploads/2023/01/CIUSSS-CSMTL-Logo-300x156.jpg 300w, https://crir.ca/wp-content/uploads/2023/01/CIUSSS-CSMTL-Logo-24x12.jpg 24w, https://crir.ca/wp-content/uploads/2023/01/CIUSSS-CSMTL-Logo-36x19.jpg 36w, https://crir.ca/wp-content/uploads/2023/01/CIUSSS-CSMTL-Logo-48x25.jpg 48w, https://crir.ca/wp-content/uploads/2023/01/CIUSSS-CSMTL-Logo.jpg 312w" sizes="auto, (max-width: 169px) 100vw, 169px" /> <img loading="lazy" decoding="async" class="alignnone wp-image-25921" src="https://crir.ca/wp-content/uploads/2025/04/CRIR_REG_25e_LOGO_Coul-300x300.jpg" alt="CRIR - 25 ans" width="112" height="112" srcset="https://crir.ca/wp-content/uploads/2025/04/CRIR_REG_25e_LOGO_Coul-300x300.jpg 300w, https://crir.ca/wp-content/uploads/2025/04/CRIR_REG_25e_LOGO_Coul-1024x1024.jpg 1024w, https://crir.ca/wp-content/uploads/2025/04/CRIR_REG_25e_LOGO_Coul-150x150.jpg 150w, https://crir.ca/wp-content/uploads/2025/04/CRIR_REG_25e_LOGO_Coul-768x768.jpg 768w, https://crir.ca/wp-content/uploads/2025/04/CRIR_REG_25e_LOGO_Coul-24x24.jpg 24w, https://crir.ca/wp-content/uploads/2025/04/CRIR_REG_25e_LOGO_Coul-36x36.jpg 36w, https://crir.ca/wp-content/uploads/2025/04/CRIR_REG_25e_LOGO_Coul-48x48.jpg 48w, https://crir.ca/wp-content/uploads/2025/04/CRIR_REG_25e_LOGO_Coul.jpg 1500w" sizes="auto, (max-width: 112px) 100vw, 112px" /> <img loading="lazy" decoding="async" class="alignnone wp-image-29314" src="https://crir.ca/wp-content/uploads/2026/02/Ecole-Orthophonie_Audiologie-300x99.jpg" alt="" width="258" height="85" srcset="https://crir.ca/wp-content/uploads/2026/02/Ecole-Orthophonie_Audiologie-300x99.jpg 300w, https://crir.ca/wp-content/uploads/2026/02/Ecole-Orthophonie_Audiologie-24x8.jpg 24w, https://crir.ca/wp-content/uploads/2026/02/Ecole-Orthophonie_Audiologie-36x12.jpg 36w, https://crir.ca/wp-content/uploads/2026/02/Ecole-Orthophonie_Audiologie-48x16.jpg 48w, https://crir.ca/wp-content/uploads/2026/02/Ecole-Orthophonie_Audiologie.jpg 445w" sizes="auto, (max-width: 258px) 100vw, 258px" /></p>
<hr />
<h1></h1>
<p>&nbsp;</p>
<h1>Étude sur le traitement auditif | Victoria Duda, chercheuse CRIR-IURDPM</h1>
<p>&nbsp;</p>
<div class="highlight-box">
<p><span style="color: #0000ff;"><strong>Date limite pour participer à l&#8217;étude : 29 mai 2026 | L&#8217;étude se déroule en français.</strong></span></p>
<p><a class="btn" href="https://crir.ca/wp-content/uploads/2026/02/Affiche-NSERC3-2.pdf">Télécharger l&#8217;affiche de recrutement ici</a></p>
</div>
<p>&nbsp;</p>
<h2>Critères d’admissibilité:</h2>
<h3><u>Vous devez : </u></h3>
<ul>
<li>Avoir entre 18 et 65 ans,</li>
<li>Avoir une bonne santé générale,</li>
<li>Être normo-entendant ou avoir une perte auditive similaire aux deux oreilles.</li>
</ul>
<h3><u>E</u><u>t que vous ne : </u></h3>
<ul>
<li>Souffrez pas d’un problème cognitif ou du système nerveux central,</li>
<li>Souffrez pas d’un problème de vertige ou d’équilibre,</li>
<li>Souffrez pas de perte auditive unilatérale, asymétrique, sévère ou profonde,</li>
<li>Portez pas d’implant cochléaire,</li>
<li>Prenez pas de médicaments pour la dépression ou l’anxiété.</li>
</ul>
<h3><u>Nature de votre participation : </u></h3>
<ul>
<li>Fournir un audiogramme effectué dans la dernière année par un(e) audiologiste du Québec ou passer le test sur place,</li>
<li>Remplir un questionnaire sur votre histoire auditive,</li>
<li>Effectuer un dépistage des capacités cognitives et un test d’identification de la parole en présence de bruit (Fr-BIO),</li>
<li>Porter des prothèses auditives fournies par le laboratoire et identifier la présence d’un clic.</li>
</ul>
<h3><u>Durée et lieu :</u></h3>
<ul>
<li>Durée : 2h30 (compensation monétaire offerte pour votre participation)</li>
<li>Lieu : Au Centre de Réadaptation Lucie-Bruneau, 2275 avenue Laurier Est, Local 200, Montréal (Qc), H2H 2N8.</li>
</ul>
<h3>Contactez-nous :</h3>
<p>Laboratoire CAT : <a href="mailto:catlab.umontreal@gmail.com">catlab.umontreal@gmail.com</a>|  514-527-4527 poste 713709</p>

<p>Participants recherchés : Étude sur le traitement auditif But du projet : Déterminer comment le temps de compression des prothèses auditives affecte les tâches de détection des écarts dans le bruit. &nbsp;      &nbsp; Étude sur le traitement auditif&#8230;<br /><a href="https://crir.ca/en/research/participate-in-the-research/etude-sur-le-traitement-auditif-victoria-duda-chercheuse-crir-iurdpm/" class="read-more btn">Read more <span class="sr-only">about Étude sur le traitement auditif | Victoria Duda, chercheuse CRIR-IURDPM</span></a></p>
